 second derivative of -t**5/20 + 5*t**4/6 - 4*t**3/3 - 3*t**2/2 + t. Suppose -5*a = -2*k + 43, 0 = 3*k - 2*a + 19999 - 20036. Give n(k).
6
Let z(f) = -f**3 + 56*f**2 + 2*f - 123. Suppose -174*s - 3*b - 136 = -176*s, 8 = -b. Calculate z(s).
-11
Suppose -2*p + 531 = 51. Let j(y) = 479 - p - 240 - 2*y. Let k = -8 - -6. Calculate j(k).
3
Suppose m = -5*g + 87, -80*g + 75*g = 2*m - 84. Let y(f) = -2*f**3 + 37*f**2 - 18*f - 7. Give y(g).
-7
Let u(y) = 5*y + 1. Let a(g) = 4*g + 1. Suppose 11 + 7 = 5*x - 2*w, -19 = -4*x - 3*w. Let f(p) = x*a(p) - 3*u(p). Give f(4).
5
Suppose 0 = 3*m - 4*i + 191 + 37, 5*i = -3*m - 255. Let g be 2 - (2/(-10))/(16/m). Let l(t) = -11*t. Determine l(g).
-11
Let t = -95 + 101. Let j(y) = t + 68*y - 9 - 66*y. Determine j(0).
-3
Suppose 0*d = 2*d. Let a(h) be the third derivative of -h**5/120 + h**4/3 - 89*h**3/6 - 194*h**2. Let s(m) be the first derivative of a(m). What is s(d)?
8
Let p(q) = q**3 - q**2 + 294*q - 902. Let n be p(3). Let j(o) = -2*o**2 + o + 6. Determine j(n).
-4
Let r(c) = c + 2. Let n be ((-150)/(-12))/(7/14). Suppose 4*h = 9*h + n. Give r(h).
-3
Let g(v) = -4*v - 33. Let o = 2419 + -2424. Determine g(o).
-13
Let o(w) be the second derivative of -w**3/2 - 12*w**2 - 1512*w + 2. What is o(21)?
-87
Suppose -2*i - 4*v + 40 = 0, 10 = 4*i - 5*v - 5. Let h(q) = -63*q**3 + 0*q - 9*q**2 - 2*q + i + 11*q + 64*q**3. Give h(7).
-25
Let z(s) = -2*s**2 + s - 1. Let y(m) = m - 1. Let l(w) = w + 3. Let h be l(7). Let v = h + -8. Let o be y(v). Determine z(o).
-2
Let j(k) = k**2 - 6*k + 1. Let n be (-2 - -5)*(-3 - -9). Let z = n + -17. Let q be 5*(3 + z - 3). Calculate j(q).
-4
Let t(l) = -6*l**2 - 2*l - 1. Let h(g) = 48*g**2 + 14*g + 3. Let y(r) = -h(r) - 6*t(r). Calculate y(1).
-11
Let v(f) = f**2 + 8*f + 3. Suppose 47*i - 188 = -5*i - 344. Calculate v(i).
-12
Let m(w) = w**2 - 3*w**2 - 4 - 1293*w + 1292*w. Determine m(6).
-82
Let i = -23 + 19. Let k be 1 + ((-2)/2 - -3). Let w(b) = -k*b + 2*b + 1 - 2*b + 5*b. What is w(i)?
-7
Let x(j) = 78*j + 80*j - 230*j + 74*j. Let v be (-2 - -1) + 1*-1. Determine x(v).
-4
Suppose 84*o - 130 = 235 + 643. Let d(a) = 0*a**3 - 13*a + 8*a**3 - 7*a**3 - 4 - 11*a**2. Calculate d(o).
-16
Let d(n) = -n**2 - n + 1. Let g be d(0). Let w(o) = 0*o - 3*o + g + o. Let u(x) = x**3 + 5*x**2 - 263*x + 63. Let m be u(-19). What is w(m)?
-11
Suppose -1 = -x - 0*b + 4*b, 2*x = 3*b - 3. Let r be 6*4/(-6)*1. Let a(k) = -5*k**2 - 3. Let w(n) = 4*n**2 - n + 2. Let f(y) = r*w(y) + x*a(y). What is f(4)?
1
Let j(d) = 8*d - 236. Let o = -8774 + 8804. Calculate j(o).
4
Let v(h) = -2*h - 5. Let x be -10 + (-20)/8 + 6/4. Let a(w) = 2*w + 35. Let b be a(x). Suppose -24 - 28 = b*d. Calculate v(d).
3
Let d = 36 + -42. Let w(v) = -2*v**2 - 11*v - 11. Let z(x) = -5*x - 14 - 14 + 22 - x**2. Let p(t) = 3*w(t) - 5*z(t). What is p(d)?
9
Let m(t) be the second derivative of 0*t**3 + 1/12*t**4 - 6*t + 1/20*t**5 + 0 + 23/2*t**2. Give m(0).
23
Let l(d) be the first derivative of -1/3*d**3 + 94 + d**2 - 15/2*d**4 - d. Give l(1).
-30
Let n(j) = -15*j + 145. Let q(h) = h**2 - 34*h - 1382. Let i be q(-24). Determine n(i).
-5
Let r(n) = -2*n**3 - 6*n**2 - 29*n - 152. Let h be r(-4). Let f(k) = -9*k - 44. Give f(h).
-8
Let j = 128 + -128. Suppose j = 3*z + p + 3*p + 20, 0 = -2*p - 4. Let l(k) = 1 - 4 + 2 + k. What is l(z)?
-5
Let f(a) be the first derivative of 6*a**2 - 102*a - 9350. Calculate f(13).
54
Let q(o) = 20 + 32*o + 15 - o**2 - 3 + 8*o - 14*o. Let d be q(27). Let a(g) be the second derivative of -g**4/12 + 5*g**3/6 + 2*g**2 - g. Determine a(d).
4
Let i(d) = 12*d - 82. Let a be i(7). Let p(b) = 168 + a*b + b**2 - 341 + 171. Calculate p(5).
33
Suppose -47 = -r - 4*s, 11*r + 4*s = 7*r + 140. Let n(y) = -16*y + r*y - 17*y + 7. What is n(8)?
-9
Let w(p) = 2*p**3 - 5*p**2 - p + 4. Let i(l) = 5*l**3 - 16*l**2 - 3*l + 10. Let o(u) = 3*i(u) - 8*w(u). Determine o(-9).
88
Let g(j) = -j**2 + 7*j + 95. Let v be -14 + 21*(-32)/(-24). Give g(v).
-3
Let t = 167 - 164. Suppose 5*q - t*q = 4*q. Let b(p) = p + 13. Determine b(q).
13
Let j = 3426 - 3427. Let a(q) = 110*q - 2. What is a(j)?
-112
Let r(k) = -61*k + 6 + 67*k - 32*k. Give r(1).
-20
Let o(y) = y**3 - 10*y**2 + 8*y + 4. Let v(z) = -4 + 15*z + 24 + 9*z**2 - 4 + z**3. Let i be v(-7). Calculate o(i).
-5
Let g = 6 - 10. Let c(z) be the second derivative of -z**5/20 - 2*z**4/3 - 5*z**3/6 + 2*z**2 - 2*z - 2395. Calculate c(g).
-40
Let i = 106 + -107. Let w(m) be the second derivative of -m**7/840 - m**6/720 - m**4/4 - 27*m. Let h(z) be the third derivative of w(z). Calculate h(i).
-2
Let s(m) = -649*m + 19. Let i(j) = -756*j + 18. Let q(r) = -6*i(r) + 7*s(r). Calculate q(7).
-24
Suppose 62*k = 45*k - 391. Let f(l) = -3*l**3 - 67*l**2 + 46*l. Let d be f(k). Let y(i) = -i**3 + 14. Give y(d).
14
Let g(n) = -n**3 + 11*n**2 - 11*n + 12. Let z = -4735 + 4745. Determine g(z).
2
Suppose 4*d = 16, 3*d + 2*d - 3328 = 4*x. Let n = x + 822. Let s(r) = -2*r + 5. Let j(z) = -z + 5. Let w(q) = 5*j(q) - 4*s(q). Give w(n).
-10
Let o(m) = m**3 - m - 2. Let d(r) = -10*r**3 + 126*r**2 + 137*r + 86. Let t(h) = d(h) + 12*o(h). Calculate t(-62).
0
Let g(b) = -1. Let j(h) = -3*h - 22. Let f(l) = 6*g(l) + j(l). Let y be f(-10). Let z(o) = -3*o**2 + o + 1. Calculate z(y).
-9
Let f(g) = -g + 12. Let a be (-1)/8*2*(6 - 14). Let m be a + -1*(-2 + 1). Suppose -m*y = -4*y - 0*y. Determine f(y).
12
Let q(p) = -2*p + 4*p - 2 + 0. Suppose 2*k + 4*u - 2 = 0, 4*k = 4*u + 160 - 180. Calculate q(k).
-8
Let c be (108/16)/(19/(-76)). Let h(m) = m**3 + 28*m**2 + 28*m + 27. Let w be h(c). Let a(g) = -g - 7. Let y(s) = s. Let x(q) = a(q) + 2*y(q). Calculate x(w).
-7
Let f(c) = 137 - 21*c + c**2 + 2*c**2 - 4*c**2 - 78 - 75. What is f(-15)?
74
Let j(y) = 2*y**3 + 4*y**2 - 4*y - 3. Let u(h) = h + 11. Let f be u(-9). Let b(v) = v**3 + 3*v**2 - 3*v - 2. Let q(x) = f*j(x) - 3*b(x). Determine q(2).
6
Let b(j) = 0*j + 0*j + 39 - 2*j - 99. What is b(0)?
-60
Let d(y) = y**3 + 4*y**2 + y - 1. Suppose 3*z + z = 5*b - 57, 0 = -b - 3*z + 19. Suppose -b = -18*x - 49. Determine d(x).
5
Let i(h) = -3*h - 5. Let y be i(-5). Let c(k) = 6 + 26*k + 39*k + 9 - 108*k + 42*k. Give c(y).
5
Let q(j) = 255*j - 515*j + 57 + 243*j + 7 + j**2. Determine q(6).
-2
Let o = 32 - -302. Let l(u) = 335*u - u**2 + 2*u**2 - o*u - 6*u**3. Let r = 4 - 5. What is l(r)?
6
Let z(q) be the first derivative of -q**4/4 - 14*q**3/3 + 9*q**2 + 46*q - 1690. Give z(-15).
1
Let d(m) be the third derivative of -1/8*m**4 + 0*m + 5/6*m**3 + 0 + 17*m**2. Calculate d(7).
-16
Let a(c) be the first derivative of c**4/4 - c**3/3 - c**2 + c - 28. Let s(w) = 2*w**3 - 7*w**2 - 2*w - 2. Let n(r) = -a(r) + s(r). Determine n(6).
-3
Let f(u) = u**3 - 17*u**2 + 3*u + 5. Let y(n) = 2*n**3 - 31*n**2 + 6*n + 10. Let j(w) = -11*f(w) + 6*y(w). Let i = -14 - -12. Give j(i).
-5
Let a(z) = 599*z - 616*z + 3*z**2 - 96 + 98 + 3*z**3. Determine a(2).
4
Let r be (8/10)/((-4)/(-150)). Let s(c) = c - 66 + 20 + r. Determine s(11).
-5
Let w(v) = v**2 - v + 1. Let b be ((30/4 + -6)*6)/(-1). Suppose 0 = 3*t + 36 - 15. Let f = t - b. Determine w(f).
3
Let s(z) = -3*z**3 - 21*z**2 - 5*z + 32. Let j(q) = -q**3 - 7*q**2 - 2*q + 11. Let d(r) = -11*j(r) + 4*s(r). Calculate d(-5).
-53
Let q(l) = -33*l**2 + 53*l + 91. Let t(c) = -21*c**2 + 35*c + 61. Let w(i) = 5*q(i) - 8*t(i). Give w(-2).
9
Let s(p) = -p + 3. Suppose 498*b - 5314 = 2654. Calculate s(b).
-13
Let b(x) be the third derivative of -x**4/4 + x**3/6 + 2*x**2. Let f be (-4093)/(-4) - (-3)/(-12). Let u = -1022 + f. Determine b(u).
-5
Let f(h) = -7*h**3 + 3*h + 5. Let o = 4007 - 4009. Determine f(o).
55
Let a(x) = -14*x - 3. Let s(j) = 7*j**3 - j**2 - 5*j + 6. Let k be s(1). Let q(l) = -7*l - 1. Let h(d) = k*q(d) - 3*a(d). What is h(-3)?
23
Let z(g) = 33*g + 101. Let b = -1665 + 1662. Calculate z(b).
2
Let p(d) = -20*d + 37*d**2 + 0*d - 73*d**2 + 19*d**2 + 15*d**2 - 14. Calculate p(-9).
4
Let u(j) = -j - 7. Suppose 0 = 4*r + n - 557, -4*r - 3*n = -8*r + 537. Let z = 131 - r. Calculate u(z).
0
Let r(g) = g + 10. Let j be r(-4). Let v(i) = -4*i**2 + j*i - 3*i + i**2 + 2 + i**2. Suppose 0 = -3*z - 0*z + 12. Give v(z).
-18
Suppose 0 = -2*x + 1 + 1. Let q(c) = 11*c - 75. Let l be q(7). Let v(t) = -10*t + 1 + 0 + 7*t - l. Determine v(x).
-4
Suppose 3 = -a + 2. Let q